87891 prime?
False
Is 246368729 prime?
True
Is 97701269 a composite number?
True
Is 17261173 prime?
False
Is 7556767 a composite number?
False
Is 8345399 composite?
False
Is 5580935 prime?
False
Is 60692107 a prime number?
False
Is 695297621 a prime number?
True
Is 8926503 prime?
False
Is 11724703 prime?
True
Is 44467171 a prime number?
False
Is 570102727 composite?
False
Is 16921483 prime?
False
Is 98263777 prime?
True
Is 169634643 prime?
False
Is 80930791 a composite number?
False
Is 7705793 a composite number?
True
Is 45808447 a composite number?
True
Is 1387177 prime?
False
Is 9275701 a composite number?
False
Is 49053905 a prime number?
False
Is 494044717 composite?
True
Is 101141473 a prime number?
False
Is 84324791 a composite number?
False
Is 3025651 a composite number?
False
Is 390317 composite?
True
Is 17813702 a composite number?
True
Is 1001369 composite?
False
Is 229643807 a prime number?
False
Is 42959387 prime?
True
Is 71178737 prime?
False
Is 844410163 a prime number?
True
Is 398729777 a composite number?
False
Is 907909 composite?
False
Is 1345749617 prime?
False
Is 5400419 prime?
True
Is 3085737 a prime number?
False
Is 69282269 a composite number?
True
Is 722753 a composite number?
True
Is 11148086 a composite number?
True
Is 992939 composite?
True
Is 6145739 prime?
False
Is 19867357 prime?
False
Is 283051 a composite number?
False
Is 105827 a prime number?
False
Is 36310271 a composite number?
False
Is 405448247 a prime number?
False
Is 2734259 prime?
False
Is 10679317 composite?
True
Is 12202303 composite?
False
Is 17695801 composite?
False
Is 1434803 a prime number?
True
Is 4497809 a composite number?
True
Is 75754339 composite?
True
Is 15884419 prime?
True
Is 16403735 a prime number?
False
Is 914933 prime?
False
Is 37894487 a composite number?
True
Is 50194411 composite?
False
Is 649908583 a prime number?
False
Is 1827613 composite?
False
Is 1082655095 prime?
False
Is 8617762 a prime number?
False
Is 9066139 a composite number?
False
Is 1229957 composite?
False
Is 1497103 prime?
True
Is 128814379 a prime number?
True
Is 2424157 a composite number?
False
Is 4247963 a composite number?
True
Is 2411467 composite?
True
Is 14139269 prime?
False
Is 44956729 a prime number?
True
Is 58181759 prime?
False
Is 2021039 composite?
True
Is 1614223 a composite number?
True
Is 199210021 a composite number?
True
Is 848153 prime?
False
Is 1241041 prime?
False
Is 4424431 a composite number?
True
Is 44667629 a composite number?
True
Is 31151483 composite?
True
Is 16276595 a prime number?
False
Is 3458263 prime?
False
Is 1273553 a composite number?
True
Is 36694573 a prime number?
True
Is 2943107 a prime number?
False
Is 28559969 composite?
False
Is 2409423 prime?
False
Is 449065537 a composite number?
False
Is 14752121 a prime number?
False
Is 52798631 composite?
False
Is 37041049 a composite number?
False
Is 12049 a prime number?
True
Is 3117421 composite?
False
Is 69234121 a composite number?
True
Is 358361 a composite number?
True
Is 1611629 prime?
False
Is 191844119 prime?
True
Is 5397521 composite?
False
Is 553078283 a composite number?
False
Is 167053582 a prime number?
False
Is 3434701 a prime number?
True
Is 14910143 a composite number?
False
Is 13259471 composite?
False
Is 119798863 prime?
False
Is 230981089 a prime number?
False
Is 200072629 composite?
True
Is 21363593 a composite number?
False
Is 33964493 prime?
True
Is 76106237 a prime number?
False
Is 32817877 prime?
True
Is 1105501 a prime number?
True
Is 1340239 a composite number?
True
Is 460739 a composite number?
True
Is 60392443 a composite number?
True
Is 985177 composite?
False
Is 59004809 a composite number?
True
Is 10436122 a prime number?
False
Is 58258741 a composite number?
True
Is 11892421 composite?
False
Is 141454893 a prime number?
False
Is 777533 a composite number?
True
Is 5885029 prime?
True
Is 915838751 prime?
True
Is 714645059 prime?
True
Is 388049 prime?
False
Is 2064487 composite?
False
Is 212069717 prime?
True
Is 108511189 composite?
False
Is 13199177 a composite number?
False
Is 7087898 a composite number?
True
Is 10895333 composite?
False
Is 52809373 a prime number?
True
Is 9330961 prime?
True
Is 12734593 a prime number?
False
Is 110763277 a composite number?
False
Is 24589957 a composite number?
True
Is 1893117 composite?
True
Is 333857 a prime number?
True
Is 720618319 composite?
False
Is 1425169 prime?
True
Is 1114891 composite?
False
Is 298493 prime?
False
Is 413093227 composite?
False
Is 782694667 a composite number?
False
Is 2714717 composite?
True
Is 1578097 a composite number?
True
Is 3456821 a composite number?
False
Is 8262389 composite?
True
Is 299184779 composite?
False
Is 3483149 composite?
True
Is 364027 a prime number?
True
Is 8779971 a composite number?
True
Is 531359 composite?
False
Is 42949387 a composite number?
True
Is 50338979 prime?
True
Is 44352899 a prime number?
False
Is 32384453 composite?
True
Is 236063 a prime number?
True
Is 22543553 composite?
False
Is 45554089 a prime number?
False
Is 73286831 a prime number?
False
Is 24311191 a composite number?
False
Is 15869797 prime?
False
Is 30159607 a composite number?
True
Is 37230659 prime?
False
Is 51364927 a composite number?
True
Is 62406319 a prime number?
True
Is 1440763 prime?
True
Is 5732305 a prime number?
False
Is 74206753 prime?
True
Is 37323859 composite?
False
Is 10655521 composite?
False
Is 220907273 a composite number?
True
Is 5646049 prime?
True
Is 1240833689 a prime number?
False
Is 26389163 a composite number?
False
Is 3307661 prime?
False
Is 10224491 composite?
False
Is 2136247 composite?
False
Is 8981597 a composite number?
False
Is 22917071 composite?
True
Is 536883287 a composite number?
False
Is 117126371 composite?
False
Is 1003619 prime?
True
Is 104289667 a composite number?
False
Is 26112497 prime?
False
Is 28330369 prime?
True
Is 261669437 a prime number?
True
Is 6265273 a composite number?
True
Is 14598463 composite?
True
Is 142695013 prime?
False
Is 17038601 prime?
True
Is 4888033 prime?
False
Is 1450697 a prime number?
True
Is 1622639 prime?
True
Is 524456587 a prime number?
False
Is 9937387 composite?
False
Is 838269118 composite?
True
Is 94162183 composite?
False
Is 9945091 prime?
False
Is 861967 a composite number?
True
Is 553199323 prime?
True
Is 176601281 a prime number?
True
Is 212791723 prime?
True
Is 292008863 composite?
False
Is 2907699 a composite number?
True
Is 12335657 a composite number?
True
Is 807245891 a composite number?
False
Is 17108549 prime?
True
Is 872683 prime?
False
Is 1062553 a composite number?
True
Is 326125489 composite?
False
Is 19899547 a prime number?
False
Is 679843 composite?
False
Is 1100758 a prime number?
False
Is 659717 a composite number?
True
Is 210273013 composite?
False
Is 132887 a prime number?
True
Is 64196851 a composite number?
True
Is 1567127 a prime number?
True
Is 18175367 composite?
True
Is 89824541 a prime number?
False
Is 55086211 a prime number?
True
Is 65859169 composite?
False
Is 11949097 a prime number?
True
Is 31683607 a composite number?
False
Is 223546831 a prime number?
True
Is 60437 a prime number?
False
Is 20046347 a composite number?
False
Is 30975843 a prime number?
False
Is 175265891 prime?
True
Is 81861389 composite?
False
Is 59933 a composite number?
True
Is 30547567 composite?
False
Is 4157449 a prime number?
True
Is 4891633 a prime number?
False
Is 9044461 a composite number?
False
Is 1076263 a composite number?
False
Is 3299977 a prime number?
False
Is 2873998 a composite number?
True
Is 2850647 prime?
True
Is 1478251 prime?
True
Is 47563129 prime?
True
Is 131885101 composite?
False
Is 3806879 prime?
False
Is 167334191 composite?
False
Is 71175193 a composite number?
True
Is 1505857 prime?
False
Is 9001201 a composite number?
True
Is 838213 a prime number?
False
Is 35602939 a composite number?
False
Is 212281 a prime number?
True
Is 2742161 a composite number?
False
Is 645830111 composite?
True
Is 2542157 composite?
True
Is 54348511 prime?
False
Is 3038999 a composite number?
False
Is 286486049 composite?
False
Is 366949559 prime?
False
Is 90730621 a composite number?
True
Is 4718117 composite?
True
Is 47435809 composite?
False
Is 163937 a composite number?
True
Is 12197 a com